mmon divisor of 76284362 and 462.
154
Calculate the highest common factor of 522 and 7218477.
261
Calculate the highest common factor of 5360914 and 2091.
41
What is the greatest common factor of 6721 and 1458743?
143
What is the highest common divisor of 1755 and 938460?
15
What is the highest common divisor of 357021864 and 120?
24
Calculate the highest common factor of 1410 and 24695868.
282
Calculate the greatest common factor of 30924 and 16156072.
3436
What is the greatest common factor of 64179620 and 1956?
652
Calculate the highest common divisor of 2368 and 4189195648.
2368
Calculate the greatest common factor of 775608 and 19200.
24
What is the highest common factor of 1129313390 and 3130?
3130
What is the highest common factor of 358524 and 36064?
92
Calculate the greatest common factor of 139758649 and 4646.
2323
Calculate the highest common factor of 51271940 and 284.
284
What is the greatest common factor of 16740 and 28159920?
540
Calculate the greatest common divisor of 686 and 400692649.
49
Calculate the greatest common factor of 23406548 and 916.
916
What is the greatest common factor of 42604800 and 3600?
1200
Calculate the highest common divisor of 1471286 and 638.
58
What is the greatest common divisor of 8297376 and 456?
456
Calculate the highest common divisor of 210 and 268758.
42
What is the greatest common divisor of 344579 and 2887236?
317
What is the greatest common divisor of 281196 and 1022?
146
What is the greatest common divisor of 3696 and 24997?
7
What is the highest common divisor of 1400 and 1500716?
28
What is the highest common divisor of 2765 and 15258929?
553
What is the greatest common factor of 4486350 and 660?
330
Calculate the greatest common factor of 2097530 and 1110.
370
Calculate the highest common divisor of 29232 and 8641913.
203
Calculate the greatest common factor of 1614460 and 99680.
1780
Calculate the highest common factor of 491535 and 17985.
165
Calculate the highest common factor of 13797773 and 36905.
671
What is the greatest common factor of 4473 and 68964075?
639
What is the greatest common factor of 4496891 and 13685?
2737
Calculate the greatest common divisor of 4600 and 699775.
575
Calculate the greatest common divisor of 1276 and 1679854.
638
What is the greatest common divisor of 6138496 and 948736?
2176
What is the highest common factor of 688807 and 63707?
133
Calculate the highest common factor of 222492457 and 11.
11
Calculate the greatest common factor of 6157 and 3822449.
131
Calculate the greatest common divisor of 187070 and 904670.
130
Calculate the highest common divisor of 75068 and 137249.
49
Calculate the greatest common factor of 960 and 79851600.
240
Calculate the highest common factor of 234200200 and 2200.
200
What is the highest common divisor of 4184 and 528077284?
2092
Calculate the highest common factor of 477332 and 61429.
47
What is the greatest common divisor of 82510194 and 66?
6
What is the highest common factor of 74139714 and 99?
99
What is the highest common divisor of 45274680 and 740?
740
What is the greatest common factor of 4825296 and 1008?
1008
Calculate the highest common divisor of 61302 and 191454.
102
Calculate the highest common divisor of 60605 and 21352.
17
Calculate the highest common factor of 3054075 and 5375.
1075
Calculate the greatest common divisor of 351698087 and 13.
13
Calculate the greatest common divisor of 2482605 and 18.
9
What is the highest common factor of 26632452 and 407?
407
What is the highest common factor of 1212 and 26268?
12
What is the highest common divisor of 27 and 11914371?
27
Calculate the highest common divisor of 166772 and 609998.
346
What is the greatest common divisor of 1908 and 18791892?
1908
What is the highest common divisor of 358244282 and 866?
866
Calculate the highest common factor of 94155 and 267660.
15
What is the greatest common factor of 358420570 and 290?
290
Calculate the highest common divisor of 11585 and 64396381.
2317
What is the greatest common divisor of 42 and 65201206?
14
Calculate the highest common factor of 2475 and 103500.
225
Calculate the greatest common factor of 830413788 and 267.
267
Calculate the greatest common factor of 45149083 and 222313.
2443
Calculate the greatest common factor of 586542 and 4125.
33
What is the greatest common divisor of 16756 and 4956?
236
Calculate the greatest common divisor of 392 and 114816324.
28
What is the highest common factor of 7038 and 254909322?
7038
What is the highest common factor of 92 and 3710406?
46
Calculate the greatest common divisor of 18658 and 709954.
38
Calculate the highest common factor of 377 and 30875728.
13
Calculate the greatest common factor of 24770 and 53990.
10
Calculate the greatest common divisor of 12582976 and 48.
16
What is the highest common factor of 1060 and 231416?
4
Calculate the highest common divisor of 294 and 5884515.
21
What is the greatest common divisor of 2134 and 120560?
22
Calculate the greatest common factor of 140 and 5348315.
35
What is the greatest common factor of 273019 and 4633?
41
What is the greatest common factor of 1686250 and 380?
190
Calculate the highest common factor of 19467992 and 340.
68
Calculate the highest common factor of 1050120 and 29592.
72
Calculate the highest common factor of 240 and 6670480.
80
Calculate the greatest common divisor of 2264 and 4881750.
566
What is the greatest common factor of 211900 and 6656?
52
What is the highest common factor of 4225992 and 2676?
12
What is the highest common factor of 444 and 7521952?
148
What is the highest common factor of 3660 and 3356?
4
Calculate the greatest common factor of 15 and 5228995.
5
Calculate the greatest common divisor of 33362 and 12376.
14
Calculate the greatest common divisor of 468 and 19299564.
36
What is the highest common factor of 32 and 8716664?
8
What is the highest common factor of 240 and 3219770?
10
Calculate the greatest common factor of 2844 and 411748.
316
What is the greatest common factor of 307593 and 47853?
117
Calculate the greatest common factor of 717792943 and 1145.
229
What is the greatest common divisor of 94685760 and 650?
130
Calculate the greatest common divisor of 8371725 and 20.
5
What is the greatest common factor of 41481535 and 10051?
529
Calculate the greatest common divisor of 14220 and 11412.
36
Calculate the highest common factor of 439488 and 6301617.
2289
What is the highest common divisor of 35 and 36040?
5
What is the greatest common divisor of 88938 and 3811212?
1458
What is the highest common divisor of 195155908 and 111?
37
Calculate the highest common factor of 15792473 and 97.
97
Calculate the greatest common divisor of 3973812 and 163704.
228
What is the greatest common divisor of 4 and 3169886?
2
Calculate the greatest common divisor of 44 and 6692807.
11
Calculate the greatest common divisor of 924 and 41763414.
462
Calculate the greatest common divisor of 77 and 174670727.
77
Calculate the greatest common factor of 533807 and 37.
1
Calculate the greatest common factor of 53491199 and 15412.
3853
What is the highest common divisor of 3302 and 117104?
26
Calculate the highest common factor of 3927 and 4938857.
1309
Calculate the greatest common factor of 2836762 and 21618.
2402
Calculate the highest common divisor of 31845 and 456540.
15
Calculate the highest common divisor of 19566 and 1439188.
2174
What is the highest common factor of 1080 and 88602120?
1080
What is the highest common divisor of 216082771 and 7528?
941
What is the highest common factor of 2276320 and 3440?
80
Calculate the greatest common factor of 404737 and 628123.
1201
What is the greatest common divisor of 17325577 and 2213?
2213
What is the highest common factor of 2404652 and 2048980?
7732
What is the highest common divisor of 205427007 and 1656?
207
What is the greatest common divisor of 21859994 and 962?
26
What is the greatest common divisor of 49751 and 12031643?
1157
Calculate the highest common divisor of 19 and 539697242.
19
What is the highest common divisor of 4552426 and 20294?
146
What is the highest common divisor of 7961 and 1973872?
19
What is the greatest common factor of 3544 and 45490784?
3544
Calculate the greatest common factor of 6238856 and 2761.
251
What is t